3725 and 15375?
75
What is the highest common factor of 612 and 8368471?
17
Calculate the greatest common factor of 2407095 and 658431.
1341
Calculate the greatest common divisor of 183822062 and 541.
541
What is the highest common factor of 274036 and 644?
28
What is the highest common factor of 31712 and 19744?
32
What is the highest common divisor of 3501096 and 51?
3
What is the highest common divisor of 17962 and 42154?
14
What is the highest common divisor of 7980 and 3889452?
1596
Calculate the highest common divisor of 6396303 and 63543.
1077
What is the highest common factor of 1048135 and 826?
59
What is the highest common factor of 56256273 and 9?
9
What is the greatest common factor of 378 and 34612200?
126
What is the greatest common divisor of 11096892 and 72?
36
Calculate the highest common divisor of 9008 and 90512.
16
Calculate the highest common divisor of 115 and 6387698.
23
Calculate the highest common factor of 29308 and 205292.
68
Calculate the greatest common factor of 8592 and 369054861.
537
Calculate the highest common divisor of 306569 and 13673.
113
Calculate the greatest common divisor of 10803 and 379767.
831
Calculate the highest common divisor of 243584 and 514800.
176
Calculate the highest common factor of 356832 and 4056.
24
What is the highest common divisor of 271159876 and 52?
52
Calculate the highest common divisor of 10969875 and 1031625.
7875
What is the greatest common factor of 1490 and 69889195?
745
Calculate the highest common factor of 445035 and 36990.
15
What is the greatest common divisor of 81055 and 10648950?
2795
What is the highest common divisor of 31317 and 557063?
949
What is the highest common factor of 5130 and 3873810?
30
What is the greatest common factor of 2572072 and 296?
8
What is the highest common divisor of 126 and 13059459?
63
Calculate the highest common factor of 208 and 158366.
26
Calculate the highest common divisor of 999 and 1489806.
27
Calculate the greatest common factor of 1030 and 382910.
10
What is the highest common factor of 192249228 and 10776?
5388
Calculate the highest common divisor of 22956466 and 8334.
926
Calculate the greatest common divisor of 280669912 and 6672.
1112
What is the highest common divisor of 52013727 and 153?
153
Calculate the highest common factor of 264 and 51251992.
88
What is the greatest common divisor of 118815 and 4909?
1
Calculate the highest common divisor of 5654286 and 18183.
627
Calculate the highest common divisor of 10206182 and 1750112.
8414
Calculate the highest common divisor of 105 and 69783.
21
Calculate the greatest common divisor of 1983415 and 7137.
61
What is the greatest common factor of 10798958 and 1349?
71
What is the greatest common factor of 12627174 and 12348?
42
Calculate the highest common factor of 45 and 22724595.
45
What is the highest common divisor of 52212 and 884169?
687
Calculate the highest common factor of 10696 and 11539472.
56
What is the highest common factor of 623493430 and 230?
230
Calculate the greatest common factor of 109532 and 84512.
556
Calculate the greatest common factor of 148792176 and 234.
234
What is the greatest common divisor of 8313 and 8586351?
489
What is the highest common divisor of 10 and 5765965?
5
What is the greatest common factor of 31571442 and 176092?
4634
What is the greatest common divisor of 5174761 and 3097?
163
What is the highest common divisor of 342685 and 2030?
35
Calculate the highest common factor of 210029092 and 124.
124
What is the highest common divisor of 232 and 15383833?
29
What is the greatest common divisor of 480 and 7275600?
240
Calculate the highest common factor of 64 and 127473.
1
Calculate the greatest common divisor of 29032101 and 567.
567
What is the highest common factor of 345 and 357502800?
345
What is the greatest common factor of 504 and 159102?
18
Calculate the highest common divisor of 203807456 and 48.
16
Calculate the highest common divisor of 17487158 and 2769.
923
What is the highest common factor of 307575 and 6525?
225
Calculate the highest common divisor of 78184627 and 3544.
443
Calculate the highest common factor of 36088 and 2391524.
1388
What is the highest common factor of 1182465 and 60?
15
Calculate the highest common factor of 25033724 and 18208.
2276
Calculate the highest common factor of 41032 and 80726.
446
Calculate the highest common divisor of 15614355 and 69.
69
Calculate the greatest common divisor of 530199 and 19099.
269
Calculate the greatest common factor of 72 and 4820994.
18
Calculate the highest common factor of 1423538541 and 101.
101
What is the greatest common divisor of 5282 and 2688215?
19
Calculate the highest common divisor of 42 and 106065786.
6
Calculate the greatest common divisor of 7053010 and 2.
2
What is the greatest common divisor of 76021132 and 220?
44
Calculate the highest common divisor of 4856805 and 3330.
1665
What is the highest common divisor of 40143448 and 84?
4
What is the greatest common divisor of 310211 and 462?
11
What is the greatest common factor of 960578 and 39346?
206
Calculate the highest common factor of 1621900 and 252.
28
Calculate the highest common divisor of 1236 and 843982.
206
What is the greatest common factor of 334440 and 146782?
1858
Calculate the highest common factor of 57951419 and 477.
53
Calculate the highest common factor of 1230 and 5511810.
30
Calculate the highest common divisor of 1580 and 268729165.
395
What is the highest common factor of 39281 and 39017?
11
What is the greatest common factor of 50960 and 203644?
196
What is the greatest common divisor of 96 and 2737744?
16
What is the greatest common divisor of 15 and 169592295?
15
What is the highest common divisor of 7242 and 8544708?
426
Calculate the greatest common factor of 93297134 and 808.
202
What is the highest common divisor of 3713 and 85506677?
3713
What is the greatest common factor of 2561104 and 8008?
728
Calculate the highest common divisor of 9100 and 1050959.
91
What is the highest common factor of 449501 and 8165?
71
Calculate the highest common factor of 1475 and 3431735.
295
Calculate the greatest common divisor of 1712280 and 17760.
120
Calculate the highest common divisor of 1680 and 1967340.
60
Calculate the greatest common divisor of 395 and 5876257.
79
What is the greatest common factor of 46099066 and 52?
26
What is the greatest common factor of 293501 and 1088971?
2743
Calculate the highest common divisor of 13624 and 566904.
104
What is the highest common factor of 1712587 and 268?
67
Calculate the greatest common divisor of 678325 and 745.
5
Calculate the greatest common divisor of 996794535 and 13164.
3291
Calculate the highest common factor of 162 and 74530.
2
What is the highest common factor of 6633 and 252373?
11
Calculate the greatest common factor of 382 and 100016195.
191
Calculate the highest common factor of 113179374 and 21978.
7326
Calculate the greatest common divisor of 292529 and 168517.
43
Calculate the greatest common divisor of 257441 and 17114.
43
What is the greatest common divisor of 49 and 3255189?
7
Calculate the greatest common factor of 79792128 and 118326.
2886
Calculate the highest common divisor of 24879303 and 9.
9
What is the highest common divisor of 235334 and 3982?
22
What is the greatest common divisor of 132500 and 230?
10
Calculate the highest common factor of 8 and 18311378.
2
Calculate the greatest common factor of 180068 and 607110.
826
Calculate the highest common factor of 1496 and 33117700.
748
What is the greatest common divisor of 33520 and 14920?
40
What is the greatest common divisor of 6246 and 99711?
9
What is the highest common factor of 372150923 and 226?
113
What is the highest common divisor of 12562 and 111099470?
1142
What is the greatest common factor of 3572120 and 920?
40
What is the greatest common divisor of 19821296 and 66?
22
Calculate the highest common factor of 737103 and 3495540.
7599
Calculate the greatest common factor of 8211514 and 3505.
701
What is the greatest common factor of 22222 and 4346?
82
What is the highest common divisor of 180789413 and 3339?
371
Calculate the highest common divisor of 925224 and 380.
76
What is the greatest common factor of 1976 and 32729528?
104
What is the great